t f = 1921 - 1923. Calculate c(f).
-14
Suppose 4*w - 17*w - 429 = 0. Let g = w - -36. Let h(n) = -2*n - 2. Give h(g).
-8
Let h(s) = s**2 - 10*s + 6. Suppose 0 = -12*v - 1 + 121. Determine h(v).
6
Let w(d) = -41*d + 67*d + d**2 - 37*d - 2*d**2 - 16. What is w(-9)?
2
Suppose 300 = 17*v + 45. Let o(t) = -3*t + 43. Calculate o(v).
-2
Let b = -141 + 146. Let t(f) = 8*f - 5. Let y(w) = 9*w - 5. Let s(l) = b*y(l) - 6*t(l). Calculate s(-9).
32
Let f(p) = 5*p + 1. Let y(c) = -2*c + 50. Let l(v) = f(v) + y(v). Determine l(-15).
6
Let t(h) = 3 + h - 222*h**3 - 1 + 5*h**2 + 223*h**3. Give t(-5).
-3
Let w = 1701 + -1698. Let i(n) = 2*n - 3. Let q(f) = 6*f - 13. Let x(t) = 1. Let y(z) = q(z) + 5*x(z). Let g(b) = -14*i(b) + 5*y(b). What is g(w)?
8
Let m(n) = -n**3 - 10*n**2 + n + 7. Let k be m(-10). Let y(x) = 2*x**2 + 4*x. Let t be y(k). Let q(z) = -13 + 8 - 7 + z + 0*z. What is q(t)?
-6
Let u(t) = -2 + 161*t - 162*t - 2 - 8. Give u(-10).
-2
Let h = -14 - -16. Suppose z + 1 = h. Let a(r) = -r**2 + 1. Let g(c) = 3*c**2 + 8*c - 5. Let b(x) = z*g(x) + 2*a(x). Give b(-8).
-3
Let w(z) = -z + 7. Let n(x) = -3*x + 13. Let c(j) = -2*n(j) + 5*w(j). Let p be (7 + -2 + -4)/(1/(-6)). What is c(p)?
3
Let w(s) = -6*s - 1. Suppose -7 = -4*d - 11. Give w(d).
5
Suppose -o + 5*w = 9, 27 = -3*o + 2*w - w. Let b = o - -14. Let z(h) = -8 - 3*h + b + 2*h. Determine z(-4).
1
Let g(d) be the third derivative of d**6/30 - d**5/30 + d**3/6 - 17*d**2. Let x(n) = -n**3 + 7*n**2 + 9*n - 7. Let r be x(8). What is g(r)?
3
Let q be -28 + (-6 - 0)/3. Let v be 8/10*q/(-12). Let n be v/(-8) - (-38)/(-8). Let j(y) = -y**2 - 6*y + 2. Calculate j(n).
7
Let a(t) = t**3 - 2*t**2 - t - 4. Let d = -40 - -22. Let v = -18 - d. Suppose v*c - 4*c = -12. Determine a(c).
2
Let s(m) be the third derivative of 1/6*m**3 - 1/120*m**5 - 3*m**2 - 1/3*m**4 + 0*m + 0. Let l(k) be the first derivative of s(k). Determine l(-7).
-1
Let l(b) be the third derivative of -5*b**4/12 - b**3/6 + 137*b**2. Give l(-1).
9
Let i(r) be the second derivative of r**6/720 + 7*r**5/30 + 4*r**4/3 - r**3/6 - 22*r. Let n(o) be the third derivative of i(o). What is n(0)?
28
Let k(w) = 6*w + 2. Let z = 23 - 20. What is k(z)?
20
Let r(z) = 18 + 2*z - 13 - 3 - 3*z**2 + 2*z**2. Determine r(3).
-1
Let o = 92 + -66. Let u = 21 - o. Let f(c) be the third derivative of -c**5/60 - c**4/6 + c**3/2 - c**2. Give f(u).
-2
Let v = -20 - -50. Suppose 5*h - 5*y = v, 6*h = 4*h + y + 11. Let t(k) = k**2 - 7*k + 5. Determine t(h).
-5
Let w(m) = m**2 - 5*m + 1. Let y be 2/((-2)/(-2*7)). Suppose -3*u - 5 = -y. Give w(u).
-5
Let x(f) = -2*f - 2. Let p(c) = 2*c - 2. Let u(d) = -4*p(d) + 4*x(d). Determine u(-1).
16
Let m(v) = v**2 + 6*v + 7. Suppose -5*x = a - 124, 5*x + 2*a - 174 = -51. Suppose 7 = 2*j - x. Let y = 10 - j. What is m(y)?
7
Let z(q) = 3*q**3 + 39*q**2 + 80*q + 27. Let y(h) = -h**3 - 13*h**2 - 27*h - 9. Let t(o) = -11*y(o) - 4*z(o). Calculate t(-11).
2
Let k(g) = g + 6*g**2 - 207 + g**3 + 73 + 65 + g + 71. What is k(-4)?
26
Let o(l) = -l**2 + 8*l - 3. Suppose -2*z + 5*z - 21 = 0. Give o(z).
4
Let p(z) be the second derivative of z**4/4 - z**3/3 + z**2/2 - 33*z + 3. Give p(2).
9
Let l(b) = -b - 12. Let t(z) = -z - 4. Let q(r) = 2*l(r) - 7*t(r). Give q(-3).
-11
Suppose 0 = n - 0*n + 6. Let a = n - -7. Let j(o) = -o + 0*o**2 - 6*o**2 + 0*o + a + 5*o**2. Give j(1).
-1
Let b(y) be the first derivative of -11*y**3 - y**2/2 + y - 72. Give b(1).
-33
Let j = -14 + 17. Let b(u) = -2*u - 11 + j + 10. Give b(7).
-12
Let v(z) be the third derivative of -z**8/20160 - z**7/1680 - z**6/720 + 11*z**5/60 - 8*z**2. Let b(o) be the third derivative of v(o). Determine b(-4).
-5
Let c(j) be the first derivative of j**4/4 + 14*j**3/3 + 13*j**2/2 - 2*j - 11. Let v be c(-13). Let l(x) = -3*x**2 - 3*x - 2. Calculate l(v).
-8
Let b(g) = g**3 - 8*g**2 - 11*g + 17. Suppose 1235*d = 1234*d + 9. What is b(d)?
-1
Let x(b) = -b**3 + b**2 - 2. Let p be x(0). Let w(s) = 3*s**2 - 7. Let z be w(-7). Let q(g) = -z*g - 2 + 144*g + 3. Calculate q(p).
-7
Let c(v) be the first derivative of 3*v**2/2 + 2*v + 97. Calculate c(-1).
-1
Let j(y) be the third derivative of y**5/60 - 7*y**4/24 + 5*y**3/6 - y**2. Let w = -3637 + 3642. Determine j(w).
-5
Let q(p) = -2 + 2*p**2 + 2*p**2 - 6*p**2 + p**2 + 1 + p. Determine q(-2).
-7
Let z(t) be the second derivative of t**5/20 - t**4 - 8*t**3/3 + 20*t**2 - 73*t - 4. Give z(13).
1
Let k = -2 - 3. Let a be (-7)/k + (-22)/55. Let j(x) be the third derivative of -7*x**6/120 + x**4/12 - x**3/6 - x**2. Calculate j(a).
-6
Let m(q) = -q**3 - q**2 - 2. Suppose 3*l = 5*g + 1, 3*l - 4*g - 1 - 1 = 0. Suppose 0 = -l*h + 23 + 3. Suppose 0 = -15*b + h*b. Determine m(b).
-2
Suppose m - 9 = -2*m. Suppose m*n + 1 = -17. Let q(z) = 2*z - 2. What is q(n)?
-14
Let q(f) = 7*f - 1. Let i(l) = -4*l - 1. Let h(a) = -5*i(a) - 2*q(a). What is h(-2)?
-5
Suppose w = -t - 0 + 2, -3*t + 2*w + 11 = 0. Let l(o) = -3*o**3 - o**2 + o**3 - 2*o**3 - 2*o**t. Determine l(-1).
5
Let f(h) = -h + 1. Suppose 4*j + a = -7, -j - 2*j - 9 = -3*a. What is f(j)?
3
Suppose -6*h = h - 21. Let k(q) = -6*q**2 - 5*q - 4 + q + q + 4*q + q**h. Calculate k(6).
2
Let x(u) = 8*u. Let h(r) = -7*r + 5. Let l(a) = -2*a + 1. Let c(g) = -4*h(g) + 18*l(g). Let z be c(-1). Let p be -3 - (-1 - z - -3). Give x(p).
8
Let z(t) be the first derivative of 3*t**2 + 6. Let g be z(-1). Let a(i) = -i - 4. Determine a(g).
2
Let q(y) = -3*y. Suppose 0 = -c + 3, t + 2*c - 4*c = -4. Give q(t).
-6
Let h(d) = 2*d**3 - 2*d**2 + 2*d - 2. Let i(v) = -v**2 - 9*v - 18. Let k be i(-5). Calculate h(k).
10
Let a be (-1)/(-2)*(-132)/(-11). Let w be 1/3 + (-26)/a. Let f(r) be the second derivative of r**3/6 + 2*r**2 - 3*r. Give f(w).
0
Suppose 2*p - 60 = -4. Suppose -2*u + 6*u + p = 0. Let i(n) be the first derivative of -n**3/3 - 4*n**2 - 9*n + 1. Determine i(u).
-2
Suppose 23 - 1 = -2*a. Let p be (18/8)/(a/44). Let j = p - -7. Let o(l) = -l + 2. Calculate o(j).
4
Let a = 53 - 49. Let i(p) = a*p**3 + p**3 - 7*p + 4*p**2 + 2*p - 4*p**3. Suppose 2*n + 10 = -0*n. Calculate i(n).
0
Suppose -2*r = 3*r - 1030. Let x(v) = -r*v + 4 + 0 + 209*v. Give x(-5).
-11
Let r(g) = -2*g**2 - g + 1. Let d(o) = -5*o**2 + o + 2. Let j(a) = 4*d(a) - 9*r(a). Determine j(6).
5
Let n = 1529/60 + -127/5. Let g(b) be the third derivative of -n*b**4 - 8*b**2 + 1/6*b**3 + 0*b + 0 + 1/30*b**5. Give g(2).
5
Suppose -3*p - 15 = 0, -z + 5*z - 7 = -p. Let f(n) be the first derivative of -5 + n - n**2 + z*n**2 + 0*n**2. What is f(3)?
13
Let c(y) = -21 - 3*y + 4 - 3*y + 18 + 3. Calculate c(-6).
40
Let y(c) be the second derivative of 1/6*c**3 - 1/2*c**2 + 0 + 3*c. Let s be (-1)/1*(2 - -1). Calculate y(s).
-4
Let t(u) = 5*u**2 - u - 2 + 1 - 3*u**2. Let v be 119/28 + 2/(-8). Suppose -4*f + 20 = v*g, 7*f - 3*f - 3*g = 6. What is t(f)?
14
Suppose a = -a + 4. Let g(u) = -6*u**2 + 2*u**3 - a*u + 2*u**3 - 3*u**3 - 2. Suppose -53*t = -46*t - 42. What is g(t)?
-14
Let y(n) = -n**3 - 6*n**2 + 8*n - 6. Let t be (-2716)/194 - -7*1. Determine y(t).
-13
Let y = 34 + -39. Let p be -1*(-9)/(y - -2). Let n(i) be the first derivative of -i**4/4 - 4*i**3/3 - 2*i**2 - 2*i + 2. What is n(p)?
1
Let j(w) = -7*w**3 + 3*w**2 - 11*w + 5. Let k(u) = -4*u**3 + u**2 - 6*u + 3. Let x(t) = -3*j(t) + 5*k(t). Calculate x(2).
-2
Let v(y) = 4*y + 1. Let g be v(1). Let p be 3 + (g + 0 - 6). Let r(d) = d**2 - d + 2. Determine r(p).
4
Let r(a) = 5*a**2 - a + 4. Let c(w) = w**2 + w. Let f(o) = -6*c(o) + r(o). Suppose 128 + 267 = -79*p. Determine f(p).
14
Let b(h) = h**2 + 5*h + 2. Let m = 115 + -59. Let u = m - 40. Suppose u*v = 13*v - 15. Give b(v).
2
Suppose 10 = -5*u - 10. Let i be -2 - (u - -18 - 3). Let p(k) = -2*k**2 + 27*k - 2. Let m(y) = y**2 - 13*y + 1. Let l(d) = i*m(d) - 6*p(d). Calculate l(6).
5
Let o(z) be the second derivative of z**5/20 + 19*z**4/12 + 17*z**3/6 - 19*z**2/2 + 178*z. Calculate o(-18).
-1
Let j be ((-154)/21)/((-6)/9). Let n(c) = 3*c + 16*c**2 + c**3 + c**2 - j*c**2. Let v(o) = -o + 3. Let h be v(5). Calculate n(h).
10
Suppose -3*v - 12*g + 17*g + 18 = 0, 0 = v + 2*g + 5. Let l(y) = -5*y - 1. Calculate l(v).
-6
Let l(m) = m - 4 + 2 - 3 - 4. Let v = -130 + 138. What is l(v)?
-1
Let b(z) be the second derivative of z**3/6 - 5*z**2/2 - 10*z. Let n(x) = x + 10. Let m be n(-7). Let 